0 (base 13) in base 2?
1000000101100111010
What is 123637 (base 8) in base 6?
530355
-559867 (base 11) to base 7
-10402032
3086241 (base 9) to base 12
6777b4
-2102210 (base 4) to base 11
-7058
Convert 1001101100111011010 (base 2) to base 8.
1154732
What is -8c122b (base 13) in base 16?
-3297c0
What is -25403013 (base 6) in base 11?
-513851
What is 111222202202 (base 3) in base 5?
32303033
-2210101111202 (base 3) to base 2
-101101010010001101110
What is -1501527 (base 9) in base 16?
-ca1c5
Convert 4f90a6 (base 16) to base 5.
2313324444
Convert 3366363 (base 7) to base 4.
1212202320
Convert -1032616 (base 7) to base 12.
-609b1
Convert 4034035 (base 6) to base 13.
69170
1427 (base 13) to base 16
b5a
Convert -1001111100101110 (base 2) to base 16.
-9f2e
Convert -11100001001110101111 (base 2) to base 8.
-3411657
Convert -1308902 (base 13) to base 9.
-12183255
-19904 (base 16) to base 4
-121210010
1022588 (base 9) to base 16
856ca
-21111020211100 (base 3) to base 14
-758ad1
What is -4340a (base 12) in base 2?
-10101101010001010
What is -1111100020100 (base 3) in base 15?
-10a41c
3122333203 (base 4) to base 16
dafe3
21111200220 (base 3) to base 6
3100040
What is 1001000110000001011011 (base 2) in base 10?
2383963
Convert -13714 (base 11) to base 9.
-28662
Convert 36630 (base 13) to base 15.
1e913
-117b73 (base 12) to base 9
-471586
What is -14415311 (base 6) in base 12?
-201537
Convert 42a768 (base 11) to base 8.
2477145
What is -21012220021 (base 3) in base 15?
-2c171
-4bd6 (base 14) to base 8
-32010
What is 2235040 (base 6) in base 15?
23b06
What is beba2 (base 16) in base 8?
2765642
What is 10002111221 (base 3) in base 12?
2b297
Convert 1b186b (base 14) to base 2.
11101011100011000111
20260652 (base 7) to base 14
321c29
Convert -693103 (base 11) to base 2.
-100001101000101110000
Convert 21222210323 (base 4) to base 13.
6a9334
What is 2009b (base 13) in base 8?
157642
Convert -2250344 (base 7) to base 8.
-1045010
-145290 (base 14) to base 9
-1285060
What is 10100122122 (base 3) in base 15?
148ab
Convert 30065 (base 10) to base 16.
7571
-18018a5 (base 11) to base 15
-40758d
Convert 550101 (base 6) to base 12.
22331
Convert -1333102 (base 9) to base 5.
-141334131
What is 19da68 (base 14) in base 5?
213440132
Convert -423002312 (base 5) to base 2.
-110101111001001000101
What is -664240 (base 9) in base 11?
-251114
What is -19b66 (base 16) in base 9?
-170420
What is -208711 (base 9) in base 10?
-124507
What is -10101222221 (base 3) in base 14?
-1a626
10014546 (base 7) to base 12
33ab23
Convert -a18155 (base 13) to base 6.
-212324110
What is -101011100101111 (base 2) in base 12?
-10abb
-13745b8 (base 13) to base 9
-12513676
Convert 28961a9 (base 11) to base 3.
100100120122120
What is 15a3c5 (base 15) in base 7?
11620541
-184211 (base 13) to base 2
-10010100101010011001
What is -10111111001110100000 (base 2) in base 16?
-bf3a0
What is 112331023233 (base 4) in base 5?
3020032100
What is ae89 (base 16) in base 4?
22322021
Convert -10a693c (base 13) to base 7.
-61403012
Convert 112133033 (base 5) to base 9.
850237
What is 21030522 (base 6) in base 2?
10010101000100110010
Convert 332551 (base 6) to base 15.
83c4
What is -20110233203 (base 4) in base 7?
-24355565
What is 7233206 (base 8) in base 12?
783b1a
What is -1c1b535 (base 14) in base 4?
-311212322323
What is 329927 (base 11) in base 6?
15133004
What is -5a668 (base 15) in base 16?
-46643
What is 1444130 (base 5) in base 8?
74675
Convert 1011200201222 (base 3) to base 8.
2302332
10010111110111111111 (base 2) to base 8
2276777
What is -e64e7 (base 15) in base 12?
-2b2631
-1b474e (base 15) to base 10
-1331399
-50b70 (base 14) to base 7
-1436400
Convert 66a293 (base 13) to base 12.
989440
What is -103332301 (base 4) in base 14?
-21b7b
Convert 7443064 (base 8) to base 6.
110305232
Convert -24184 (base 10) to base 9.
-36151
What is 1442252333 (base 6) in base 9?
36832883
3665122 (base 7) to base 11
2a1110
What is -165637 (base 8) in base 4?
-32232133
What is -130022346 (base 7) in base 6?
-452345123
-111211011022 (base 3) to base 9
-454138
-20123236 (base 8) to base 2
-10000001010011010011110
232272 (base 8) to base 9
130365
Convert -5415456 (base 10) to base 4.
-110222020200
What is -12341345 (base 6) in base 4?
-1202023001
-11000010101110101 (base 2) to base 11
-689a8
Convert 205051221 (base 6) to base 14.
6999a5
Convert 201216542 (base 7) to base 15.
105c5ee
What is -202223303 (base 4) in base 5?
-14021232
What is -820001 (base 13) in base 7?
-34506302
95bc3 (base 14) to base 15
722e6
Convert -50244 (base 12) to base 10.
-104020
Convert 843662 (base 11) to base 7.
14326663
What is 11f8ae (base 16) in base 13?
323110
-20c785 (base 15) to base 12
-6333b2
What is 1704274 (base 8) in base 2?
1111000100010111100
-4a225 (base 12) to base 16
-188bd
Convert aa755 (base 11) to base 9.
264304
What is -2300544 (base 8) in base 11?
-396037
Convert 131123003130 (base 4) to base 16.
75b0dc
Convert 12e1a6 (base 15) to base 11.
570428
What is -759897 (base 10) in base 14?
-15ad05
What is 31541111 (base 6) in base 13?
267880
1c5278 (base 13) to base 8
2610707
What is -256b3b9 (base 12) in base 13?
-16a9106
What is 16a53 (base 11) in base 10?
23895
Convert 16bd4 (base 15) to base 5.
4323144
Convert cad7a (base 16) to base 10.
830842
What is -244081 (base 9) in base 10?
-147331
-1424411 (base 7) to base 12
-9281b
-33513233 (base 6) to base 16
-f9315
Convert 100114312 (base 5) to base 10.
394957
Convert 2203010323 (base 5) to base 3.
22220120022122
Convert -110112020102 (base 3) to base 14.
-65c07
Convert -534826 (base 14) to base 9.
-5263110
b833c (base 15) to base 6
20310303
126353 (base 10) to base 9
212282
-8d795 (base 16) to base 11
-366408
What is -21330130 (base 5) in base 4?
-230231331
What is -95914 (base 10) in base 14?
-26d50
What is -248a45 (base 11) in base 3?
-201221111202
-2434421 (base 5) to base 9
-70373
-8b5a9 (base 13) to base 3
-110212221001
What is 94915 (base 13) in base 7?
2162344
What is -1313331112 (base 4) in base 5?
-111210400
What is -388a41 (base 14) in base 2?
-111011010110011000001
-255a05 (base 12) to base 9
-1131645
-143071 (base 8) to base 5
-3110440
13530242 (base 6) to base 2
1110000111110110010
What is 11633603 (base 7) in base 2?
100000000011111000011
What is 13930a (base 12) in base 16?
4fd7a
Convert 180778 (base 12) to base 6.
12525032
4335b (base 15) to base 4
310012022
a6548 (base 11) to base 13
55762
120100010311 (base 4) to base 8
30200465
Convert -325713 (base 11) to base 3.
-222102020110
Convert -1103200 (base 4) to base 14.
-1d3a
Convert -32104100 (base 7) to base 8.
-12310473
2256453 (base 7) to base 12
117a89
5923317 (base 10) to base 12
1b97a19
What is -888b7 (base 14) in base 11?
-206768
Convert -1b6614 (base 15) to base 2.
-101000110101000001101
149347 (base 10) to base 5
14234342
Convert b916 (base 13) to base 4.
12101223
Convert -3e877 (base 15) to base 12.
-98411
What is -3093c8 (base 13) in base 2?
-100010100111011110011
2b5095 (base 15) to base 7
23533664
Convert 20563818 (base 9) to base 16.
971d29
Convert 31213155 (base 8) to base 16.
65166d
What is 656c (base 13) in base 3?
201100212
-146471 (base 10) to base 7
-1150013
a29c45 (base 14) to base 13
119c3c3
What is -170830 (base 16) in base 10?
-1509424
What is 210234501 (base 6) in base 9?
6787081
-613537 (base 8) to base 13
-7129c
Convert -3043230420 (base 5) to base 13.
-13a040b
Convert 522070 (base 9) to base 5.
34404023
110452420 (base 6) to base 5
1002411344
Convert -45b58 (base 15) to base 16.
-362ed
36b1 (base 14) to base 9
14105
-128530 (base 10) to base 3
-20112022101
935228 (base 10) to base 16
e453c
Convert 34612 (base 7) to base 6.
105034
-222133311011 (base 4) to base 9
-22858705
-145102 (base 12) to base 6
-11144402
-47354 (base 14) to base 11
-109419
Convert 1000020200 (base 4) to base 7.
2142566
Convert -1447644 (base 9) to base 14.
-16b51c
What is -c3636 (base 14) in base 10?
-470448
Convert -34100 (base 13) to base 4.
-113012300
3da70 (base 15) to base 10
198105
Convert 123102 (base 5) to base 12.
2921
What is 5bcec (base 15) in base 11?
1902a0
What is -101222110202 (base 3) in base 14?
-58a9a
a840b3 (base 13) to base 11
2258a5a
What is -1010000000010011100 (base 2) in base 11?
-204343
What is 3